{"id":674,"date":"2023-12-02T17:05:43","date_gmt":"2023-12-02T16:05:43","guid":{"rendered":"https:\/\/www.tedxpantheonassas.fr\/?page_id=674"},"modified":"2023-12-02T18:10:05","modified_gmt":"2023-12-02T17:10:05","slug":"6-eme-edition","status":"publish","type":"page","link":"https:\/\/www.tedxpantheonassas.fr\/index.php\/accueil\/6-eme-edition\/","title":{"rendered":"6\u00e8me \u00e9dition : Le Monde de Demain"},"content":{"rendered":"\n<figure class=\"wp-block-video\"><video controls src=\"https:\/\/www.tedxpantheonassas.fr\/wp-content\/uploads\/2023\/12\/TedX-Pantheon-Assas-Edition-2023.mp4\"><\/video><\/figure>\n\n\n\n<div class=\"wp-block-columns is-layout-flex wp-container-2\">\n<div class=\"wp-block-column is-layout-flow\" style=\"flex-basis:100%\">\n<p class=\"has-text-align-center\">Retour sur la 6e \u00e9dition de nos conf\u00e9rences annuelles sur le th\u00e8me \u00ab\u00a0Le Monde de Demain\u00a0\u00bb<\/p>\n\n\n\n<p class=\"has-text-align-center\"><em>R\u00e9alisation Studio Wildbe<\/em>e<\/p>\n<\/div>\n<\/div>\n\n\n\n<h2 class=\"wp-block-heading\">Intervenants : <\/h2>\n\n\n\n<ul>\n<li>Elisabeth MORENO <\/li>\n<\/ul>\n\n\n\n<div class=\"wp-block-media-text alignwide is-stacked-on-mobile is-vertically-aligned-center\"><figure class=\"wp-block-media-text__media\"><img decoding=\"async\" loading=\"lazy\" width=\"856\" height=\"1024\" src=\"https:\/\/www.tedxpantheonassas.fr\/wp-content\/uploads\/2023\/12\/Capture-decran-2023-12-02-a-17.27.09-856x1024.png\" alt=\"\" class=\"wp-image-680 size-full\" srcset=\"https:\/\/www.tedxpantheonassas.fr\/wp-content\/uploads\/2023\/12\/Capture-decran-2023-12-02-a-17.27.09-856x1024.png 856w, https:\/\/www.tedxpantheonassas.fr\/wp-content\/uploads\/2023\/12\/Capture-decran-2023-12-02-a-17.27.09-251x300.png 251w, https:\/\/www.tedxpantheonassas.fr\/wp-content\/uploads\/2023\/12\/Capture-decran-2023-12-02-a-17.27.09-768x918.png 768w, https:\/\/www.tedxpantheonassas.fr\/wp-content\/uploads\/2023\/12\/Capture-decran-2023-12-02-a-17.27.09.png 1268w\" sizes=\"(max-width: 856px) 100vw, 856px\" \/><\/figure><div class=\"wp-block-media-text__content\">\n<p>\u00c0 travers ce talk, la cheffe d\u2019entreprise et ancienne&nbsp;ministre d\u00e9l\u00e9gu\u00e9e charg\u00e9e de l\u2019\u00e9galit\u00e9 femmes-hommes nous a propos\u00e9, au d\u00e9tour de son r\u00e9cit personnel, un discours empreint d\u2019espoir face \u00e0 la situation actuelle. <\/p>\n\n\n\n<p>Les in\u00e9galit\u00e9s persistent et le concept d\u2019homme providentiel appara\u00eet comme lointain, alors osons r\u00eaver grand et unir nos intelligences vers le chemin d\u2019un monde plus juste !&nbsp;<\/p>\n\n\n\n<p>Lien vers le TEDx : <a href=\"https:\/\/www.youtube.com\/watch?v=pHyi9IZuyF4\">https:\/\/www.youtube.com\/watch?v=pHyi9IZuyF4<\/a><\/p>\n<\/div><\/div>\n\n\n\n<ul>\n<li>Fran\u00e7ois PASTEAU<\/li>\n<\/ul>\n\n\n\n<div class=\"wp-block-media-text alignwide is-stacked-on-mobile\"><figure class=\"wp-block-media-text__media\"><img decoding=\"async\" loading=\"lazy\" width=\"856\" height=\"1024\" src=\"https:\/\/www.tedxpantheonassas.fr\/wp-content\/uploads\/2023\/12\/Capture-decran-2023-12-02-a-17.27.32-856x1024.png\" alt=\"\" class=\"wp-image-681 size-full\" srcset=\"https:\/\/www.tedxpantheonassas.fr\/wp-content\/uploads\/2023\/12\/Capture-decran-2023-12-02-a-17.27.32-856x1024.png 856w, https:\/\/www.tedxpantheonassas.fr\/wp-content\/uploads\/2023\/12\/Capture-decran-2023-12-02-a-17.27.32-251x300.png 251w, https:\/\/www.tedxpantheonassas.fr\/wp-content\/uploads\/2023\/12\/Capture-decran-2023-12-02-a-17.27.32-768x918.png 768w, https:\/\/www.tedxpantheonassas.fr\/wp-content\/uploads\/2023\/12\/Capture-decran-2023-12-02-a-17.27.32.png 1268w\" sizes=\"(max-width: 856px) 100vw, 856px\" \/><\/figure><div class=\"wp-block-media-text__content\">\n<p>Dans son talk, le conseiller culinaire et chef cuisinier \u00e9co-responsable Fran\u00e7ois PASTEAU pr\u00e9sente son approche de la cuisine \u00e9co-responsable en encourageant chacun d\u2019entre nous \u00e0 effectuer des choix \u00e9clair\u00e9s en mati\u00e8re d\u2019alimentation.<\/p>\n\n\n\n<p>Ce talk est une invitation \u00e0 repenser notre rapport \u00e0 la nourriture pour un avenir plus durable !<\/p>\n\n\n\n<p>Lien vers le TEDx : <a href=\"https:\/\/www.youtube.com\/watch?v=pVWyJT1141A\">https:\/\/www.youtube.com\/watch?v=pVWyJT1141A<\/a><\/p>\n<\/div><\/div>\n\n\n\n<ul>\n<li>Romain BADOUARD<\/li>\n<\/ul>\n\n\n\n<div class=\"wp-block-media-text alignwide is-stacked-on-mobile\"><figure class=\"wp-block-media-text__media\"><img decoding=\"async\" loading=\"lazy\" width=\"814\" height=\"1024\" src=\"https:\/\/www.tedxpantheonassas.fr\/wp-content\/uploads\/2023\/12\/Capture-decran-2023-12-02-a-17.28.14-814x1024.png\" alt=\"\" class=\"wp-image-682 size-full\" srcset=\"https:\/\/www.tedxpantheonassas.fr\/wp-content\/uploads\/2023\/12\/Capture-decran-2023-12-02-a-17.28.14-814x1024.png 814w, https:\/\/www.tedxpantheonassas.fr\/wp-content\/uploads\/2023\/12\/Capture-decran-2023-12-02-a-17.28.14-238x300.png 238w, https:\/\/www.tedxpantheonassas.fr\/wp-content\/uploads\/2023\/12\/Capture-decran-2023-12-02-a-17.28.14-768x966.png 768w, https:\/\/www.tedxpantheonassas.fr\/wp-content\/uploads\/2023\/12\/Capture-decran-2023-12-02-a-17.28.14.png 1076w\" sizes=\"(max-width: 814px) 100vw, 814px\" \/><\/figure><div class=\"wp-block-media-text__content\">\n<p>Dans ce talk, le chercheur et professeur revient sur l\u2019histoire du design persuasif en ligne et traite notamment de la manipulation de l\u2019attention sur les plateformes num\u00e9riques.<\/p>\n\n\n\n<p>Lien vers le TEDx : <a href=\"https:\/\/www.youtube.com\/watch?v=0xKRV_FadiM\">https:\/\/www.youtube.com\/watch?v=0xKRV_FadiM<\/a><\/p>\n<\/div><\/div>\n\n\n\n<ul>\n<li>N&rsquo;Geur SARR<\/li>\n<\/ul>\n\n\n\n<div class=\"wp-block-media-text alignwide is-stacked-on-mobile\"><figure class=\"wp-block-media-text__media\"><img decoding=\"async\" loading=\"lazy\" width=\"856\" height=\"1024\" src=\"https:\/\/www.tedxpantheonassas.fr\/wp-content\/uploads\/2023\/12\/Capture-decran-2023-12-02-a-17.27.43-856x1024.png\" alt=\"\" class=\"wp-image-683 size-full\" srcset=\"https:\/\/www.tedxpantheonassas.fr\/wp-content\/uploads\/2023\/12\/Capture-decran-2023-12-02-a-17.27.43-856x1024.png 856w, https:\/\/www.tedxpantheonassas.fr\/wp-content\/uploads\/2023\/12\/Capture-decran-2023-12-02-a-17.27.43-251x300.png 251w, https:\/\/www.tedxpantheonassas.fr\/wp-content\/uploads\/2023\/12\/Capture-decran-2023-12-02-a-17.27.43-768x918.png 768w, https:\/\/www.tedxpantheonassas.fr\/wp-content\/uploads\/2023\/12\/Capture-decran-2023-12-02-a-17.27.43.png 1268w\" sizes=\"(max-width: 856px) 100vw, 856px\" \/><\/figure><div class=\"wp-block-media-text__content\">\n<p>\u00c0 travers le r\u00e9cit de son riche parcours professionnel, N\u2019Geur Sarr, consultante en culture d\u2019entreprise et cr\u00e9atrice du podcast&nbsp;<a href=\"https:\/\/www.instagram.com\/gatemeri_\/\">@gatemeri_<\/a>&nbsp;nous partage les cl\u00e9s d\u2019une culture d\u2019entreprise forte et engag\u00e9e. <\/p>\n\n\n\n<p>Elle souligne l\u2019importance de l\u2019adaptation culturelle des entreprises confront\u00e9es \u00e0 un nouvel environnement.<\/p>\n\n\n\n<p>Lien vers le TEDx : <a href=\"https:\/\/www.youtube.com\/watch?v=-wh6TQtvnzM\">https:\/\/www.youtube.com\/watch?v=-wh6TQtvnzM<\/a><\/p>\n<\/div><\/div>\n\n\n\n<p><\/p>\n\n\n\n<p><\/p>\n\n\n\n<p class=\"has-text-align-center\">TEDxPanth\u00e9onAssas remercie le Panth\u00e9on et le Centre des Monuments nationaux pour leur accueil ainsi que l\u2019ensemble des sponsors qui ont soutenu et contribu\u00e9 \u00e0 l\u2019organisation de cet \u00e9v\u00e8nement : La Chambre des Notaires de Paris, La Fondation Panth\u00e9on Assas.<\/p>\n","protected":false},"excerpt":{"rendered":"<p>Retour sur la 6e \u00e9dition de nos conf\u00e9rences annuelles sur le th\u00e8me \u00ab\u00a0Le Monde de Demain\u00a0\u00bb R\u00e9alisation Studio Wildbee Intervenants : \u00c0 travers ce talk, la cheffe d\u2019entreprise et ancienne&nbsp;ministre d\u00e9l\u00e9gu\u00e9e charg\u00e9e de l\u2019\u00e9galit\u00e9 femmes-hommes nous a propos\u00e9, au d\u00e9tour de son r\u00e9cit personnel, un discours empreint d\u2019espoir face \u00e0 la situation actuelle. Les in\u00e9galit\u00e9s<br \/><a class=\"moretag\" href=\"https:\/\/www.tedxpantheonassas.fr\/index.php\/accueil\/6-eme-edition\/\">+ Read More<\/a><\/p>\n","protected":false},"author":1,"featured_media":0,"parent":4,"menu_order":0,"comment_status":"closed","ping_status":"closed","template":"","meta":{"_mi_skip_tracking":false},"_links":{"self":[{"href":"https:\/\/www.tedxpantheonassas.fr\/index.php\/wp-json\/wp\/v2\/pages\/674"}],"collection":[{"href":"https:\/\/www.tedxpantheonassas.fr\/index.php\/wp-json\/wp\/v2\/pages"}],"about":[{"href":"https:\/\/www.tedxpantheonassas.fr\/index.php\/wp-json\/wp\/v2\/types\/page"}],"author":[{"embeddable":true,"href":"https:\/\/www.tedxpantheonassas.fr\/index.php\/wp-json\/wp\/v2\/users\/1"}],"replies":[{"embeddable":true,"href":"https:\/\/www.tedxpantheonassas.fr\/index.php\/wp-json\/wp\/v2\/comments?post=674"}],"version-history":[{"count":7,"href":"https:\/\/www.tedxpantheonassas.fr\/index.php\/wp-json\/wp\/v2\/pages\/674\/revisions"}],"predecessor-version":[{"id":690,"href":"https:\/\/www.tedxpantheonassas.fr\/index.php\/wp-json\/wp\/v2\/pages\/674\/revisions\/690"}],"up":[{"embeddable":true,"href":"https:\/\/www.tedxpantheonassas.fr\/index.php\/wp-json\/wp\/v2\/pages\/4"}],"wp:attachment":[{"href":"https:\/\/www.tedxpantheonassas.fr\/index.php\/wp-json\/wp\/v2\/media?parent=674"}],"curies":[{"name":"wp","href":"https:\/\/api.w.org\/{rel}","templated":true}]}}

6ème édition : Le Monde de Demain

<figure class="wp-block-video"><video controls src="https://www.tedxpantheonassas.fr/wp-content/uploads/2023/12/TedX-Pantheon-Assas-Edition-2023.mp4"></video></figure>



<div class="wp-block-columns is-layout-flex wp-container-2">
<div class="wp-block-column is-layout-flow" style="flex-basis:100%">
<p class="has-text-align-center">Retour sur la 6e édition de nos conférences annuelles sur le thème « Le Monde de Demain »</p>



<p class="has-text-align-center"><em>Réalisation Studio Wildbe</em>e</p>
</div>
</div>



<h2 class="wp-block-heading">Intervenants : </h2>



<ul>
<li>Elisabeth MORENO </li>
</ul>



<div class="wp-block-media-text alignwide is-stacked-on-mobile is-vertically-aligned-center"><figure class="wp-block-media-text__media"><img decoding="async" loading="lazy" width="856" height="1024" src="https://www.tedxpantheonassas.fr/wp-content/uploads/2023/12/Capture-decran-2023-12-02-a-17.27.09-856x1024.png" alt="" class="wp-image-680 size-full" srcset="https://www.tedxpantheonassas.fr/wp-content/uploads/2023/12/Capture-decran-2023-12-02-a-17.27.09-856x1024.png 856w, https://www.tedxpantheonassas.fr/wp-content/uploads/2023/12/Capture-decran-2023-12-02-a-17.27.09-251x300.png 251w, https://www.tedxpantheonassas.fr/wp-content/uploads/2023/12/Capture-decran-2023-12-02-a-17.27.09-768x918.png 768w, https://www.tedxpantheonassas.fr/wp-content/uploads/2023/12/Capture-decran-2023-12-02-a-17.27.09.png 1268w" sizes="(max-width: 856px) 100vw, 856px" /></figure><div class="wp-block-media-text__content">
<p>À travers ce talk, la cheffe d’entreprise et ancienne&nbsp;ministre déléguée chargée de l’égalité femmes-hommes nous a proposé, au détour de son récit personnel, un discours empreint d’espoir face à la situation actuelle. </p>



<p>Les inégalités persistent et le concept d’homme providentiel apparaît comme lointain, alors osons rêver grand et unir nos intelligences vers le chemin d’un monde plus juste !&nbsp;</p>



<p>Lien vers le TEDx : <a href="https://www.youtube.com/watch?v=pHyi9IZuyF4">https://www.youtube.com/watch?v=pHyi9IZuyF4</a></p>
</div></div>



<ul>
<li>François PASTEAU</li>
</ul>



<div class="wp-block-media-text alignwide is-stacked-on-mobile"><figure class="wp-block-media-text__media"><img decoding="async" loading="lazy" width="856" height="1024" src="https://www.tedxpantheonassas.fr/wp-content/uploads/2023/12/Capture-decran-2023-12-02-a-17.27.32-856x1024.png" alt="" class="wp-image-681 size-full" srcset="https://www.tedxpantheonassas.fr/wp-content/uploads/2023/12/Capture-decran-2023-12-02-a-17.27.32-856x1024.png 856w, https://www.tedxpantheonassas.fr/wp-content/uploads/2023/12/Capture-decran-2023-12-02-a-17.27.32-251x300.png 251w, https://www.tedxpantheonassas.fr/wp-content/uploads/2023/12/Capture-decran-2023-12-02-a-17.27.32-768x918.png 768w, https://www.tedxpantheonassas.fr/wp-content/uploads/2023/12/Capture-decran-2023-12-02-a-17.27.32.png 1268w" sizes="(max-width: 856px) 100vw, 856px" /></figure><div class="wp-block-media-text__content">
<p>Dans son talk, le conseiller culinaire et chef cuisinier éco-responsable François PASTEAU présente son approche de la cuisine éco-responsable en encourageant chacun d’entre nous à effectuer des choix éclairés en matière d’alimentation.</p>



<p>Ce talk est une invitation à repenser notre rapport à la nourriture pour un avenir plus durable !</p>



<p>Lien vers le TEDx : <a href="https://www.youtube.com/watch?v=pVWyJT1141A">https://www.youtube.com/watch?v=pVWyJT1141A</a></p>
</div></div>



<ul>
<li>Romain BADOUARD</li>
</ul>



<div class="wp-block-media-text alignwide is-stacked-on-mobile"><figure class="wp-block-media-text__media"><img decoding="async" loading="lazy" width="814" height="1024" src="https://www.tedxpantheonassas.fr/wp-content/uploads/2023/12/Capture-decran-2023-12-02-a-17.28.14-814x1024.png" alt="" class="wp-image-682 size-full" srcset="https://www.tedxpantheonassas.fr/wp-content/uploads/2023/12/Capture-decran-2023-12-02-a-17.28.14-814x1024.png 814w, https://www.tedxpantheonassas.fr/wp-content/uploads/2023/12/Capture-decran-2023-12-02-a-17.28.14-238x300.png 238w, https://www.tedxpantheonassas.fr/wp-content/uploads/2023/12/Capture-decran-2023-12-02-a-17.28.14-768x966.png 768w, https://www.tedxpantheonassas.fr/wp-content/uploads/2023/12/Capture-decran-2023-12-02-a-17.28.14.png 1076w" sizes="(max-width: 814px) 100vw, 814px" /></figure><div class="wp-block-media-text__content">
<p>Dans ce talk, le chercheur et professeur revient sur l’histoire du design persuasif en ligne et traite notamment de la manipulation de l’attention sur les plateformes numériques.</p>



<p>Lien vers le TEDx : <a href="https://www.youtube.com/watch?v=0xKRV_FadiM">https://www.youtube.com/watch?v=0xKRV_FadiM</a></p>
</div></div>



<ul>
<li>N&rsquo;Geur SARR</li>
</ul>



<div class="wp-block-media-text alignwide is-stacked-on-mobile"><figure class="wp-block-media-text__media"><img decoding="async" loading="lazy" width="856" height="1024" src="https://www.tedxpantheonassas.fr/wp-content/uploads/2023/12/Capture-decran-2023-12-02-a-17.27.43-856x1024.png" alt="" class="wp-image-683 size-full" srcset="https://www.tedxpantheonassas.fr/wp-content/uploads/2023/12/Capture-decran-2023-12-02-a-17.27.43-856x1024.png 856w, https://www.tedxpantheonassas.fr/wp-content/uploads/2023/12/Capture-decran-2023-12-02-a-17.27.43-251x300.png 251w, https://www.tedxpantheonassas.fr/wp-content/uploads/2023/12/Capture-decran-2023-12-02-a-17.27.43-768x918.png 768w, https://www.tedxpantheonassas.fr/wp-content/uploads/2023/12/Capture-decran-2023-12-02-a-17.27.43.png 1268w" sizes="(max-width: 856px) 100vw, 856px" /></figure><div class="wp-block-media-text__content">
<p>À travers le récit de son riche parcours professionnel, N’Geur Sarr, consultante en culture d’entreprise et créatrice du podcast&nbsp;<a href="https://www.instagram.com/gatemeri_/">@gatemeri_</a>&nbsp;nous partage les clés d’une culture d’entreprise forte et engagée. </p>



<p>Elle souligne l’importance de l’adaptation culturelle des entreprises confrontées à un nouvel environnement.</p>



<p>Lien vers le TEDx : <a href="https://www.youtube.com/watch?v=-wh6TQtvnzM">https://www.youtube.com/watch?v=-wh6TQtvnzM</a></p>
</div></div>



<p></p>



<p></p>



<p class="has-text-align-center">TEDxPanthéonAssas remercie le Panthéon et le Centre des Monuments nationaux pour leur accueil ainsi que l’ensemble des sponsors qui ont soutenu et contribué à l’organisation de cet évènement : La Chambre des Notaires de Paris, La Fondation Panthéon Assas.</p>

<p>Retour sur la 6e édition de nos conférences annuelles sur le thème « Le Monde de Demain » Réalisation Studio Wildbee Intervenants : À travers ce talk, la cheffe d’entreprise et ancienne&nbsp;ministre déléguée chargée de l’égalité femmes-hommes nous a proposé, au détour de son récit personnel, un discours empreint d’espoir face à la situation actuelle. Les inégalités<br /><a class="moretag" href="https://www.tedxpantheonassas.fr/index.php/accueil/6-eme-edition/">+ Read More</a></p>
